 -4*m, -t + k + 5 = 3*m. Calculate the remainder when 42 is divided by t.
2
Let m(k) = k - 1. Let l be m(1). Let g = l - -2. Suppose -3*j = -g*i - 2*i - 110, i = 5*j - 189. Calculate the remainder when j is divided by 10.
8
Suppose -3 = -l + 7. Suppose -4 = -4*x + 8. Suppose 0 = -5*b - 4*h + 194, -5*h + 8 - x = 0. Calculate the remainder when b is divided by l.
8
Suppose -2*o = -3*k - 32, -3*k - 99 = -5*o - 5*k. Calculate the remainder when 19 is divided by o.
0
Calculate the remainder when 973 is divided by -7 + (17 - (6 + -18 + 7)).
13
Suppose -17*b = 39*b - 16688. Calculate the remainder when b is divided by 60.
58
Let u(v) = 6*v + 4. Let c be u(4). Let t = c + -5. What is the remainder when 42 is divided by t?
19
Let g(v) = 37*v + 11. Calculate the remainder when 59 is divided by g(1).
11
Let c(o) = -5 + 118*o**2 - 2*o - 117*o**2 + 8*o. What is the remainder when 136 is divided by c(-10)?
31
Suppose 9 + 33 = 3*o. Suppose 3*u + 2*k - 5*k = 18, -5*u = 4*k + 6. Let t(h) = 12*h**2 + 2*h + 1. Calculate the remainder when t(u) is divided by o.
11
Suppose 9*l - 62 = 19. Let m(c) = -c**2 + 11*c - 8. Suppose 101 + 89 = 5*j. What is the remainder when j is divided by m(l)?
8
Let x(v) = -v**3 + 7*v**2 + 9*v + 1. What is the remainder when 66 is divided by x(8)?
3
Let d(u) = 30*u + 1. Let a be d(-1). Let i = a - -57. Suppose -5*p + 0*p - 2*g = 0, 4*p - i = 4*g. Calculate the remainder when 5 is divided by p.
1
Let i(v) = -v**2 - 9*v + 2. Let m be i(-9). Suppose -5*t + 217 = y, m*t - 134 + 34 = 4*y. Calculate the remainder when 174 is divided by t.
42
Suppose 3*j + y - 120 = -0*y, -2*y + 117 = 3*j. Let h = j + -17. What is the remainder when h is divided by 5?
4
Let j(t) = 29*t - 4. Let y be j(1). Suppose -4*k + 23 = -497. Suppose y - k = -5*p. What is the remainder when p is divided by 6?
3
Suppose 0 = 2*g + 4 + 26. Let u = 23 - g. What is the remainder when u is divided by 14?
10
Let w be (-886)/(-10) - -1 - (-4)/10. Let a = w - 84. What is the remainder when 23 is divided by a?
5
Let c(h) = 2*h**2 - 14*h + 33. Let g be c(7). Suppose -8*s + 5*s = -g. Calculate the remainder when 43 is divided by s.
10
Let m(k) = -k**2 - 30*k + 97. Calculate the remainder when m(-27) is divided by 5.
3
Let z = 1454 - 1383. What is the remainder when z is divided by 1 + 12 + -1 + 0?
11
Calculate the remainder when (-39)/2*416/(-48) is divided by 9.
7
What is the remainder when 30 is divided by -3 + 120/36*9/2?
6
Suppose -o = -2*y + 42, -28 = 2*o - 2*y + 54. Let w = 70 + o. Calculate the remainder when 87 is divided by w.
27
Let h = 999 - 979. Calculate the remainder when 39 is divided by h.
19
Let j(f) = -f**3 - 15*f**2 + f + 27. Let a be j(-15). Let r = a - -21. Calculate the remainder when r is divided by 18.
15
Let u = -716 - -736. What is the remainder when 137 is divided by u?
17
Suppose 4*m + 10 = -0*j - 3*j, 14 = -2*j + m. Let r = 81 + -58. What is the remainder when r is divided by 117/j*(-4)/6?
10
Let z(f) = 7*f**2 - 2*f + 6. Let y be z(3). Let j = -54 + y. What is the remainder when 14 is divided by j?
5
Let h = 40 - 32. Let m = 34 - -3. Calculate the remainder when m is divided by (h - 1)*2 + 0.
9
Let x = -8 - -5. Let j be 1 - 1/x*-3. Suppose -4*w + 134 = -j*u + 2*u, -3*w = -4*u - 84. What is the remainder when w is divided by 11?
10
Let z = -309 - -318. What is the remainder when 111 is divided by z?
3
Suppose 2*p = -t + 24, -3*t - 3*p + 4*p + 51 = 0. Let q = 46 - t. Suppose -5*m + 127 = -q. What is the remainder when m is divided by 8?
7
Suppose -6*g - 440 = -1094. Calculate the remainder when g is divided by 10.
9
Let z(b) = 2*b**2 + 23*b - 4. What is the remainder when 16 is divided by z(-12)?
0
Suppose -c = 3*b - 13, 3*c - 6*b + 4*b - 17 = 0. Suppose 51 = -51*f + 153. What is the remainder when c is divided by f?
1
Suppose 16*l - 2*y - 125 = 13*l, 2*l + 4*y = 94. What is the remainder when l is divided by 42?
1
Suppose 8*g - 256 = 16. Calculate the remainder when 711 is divided by g.
31
Suppose -5*q + 161 = 3*j + 35, -q = 5*j - 12. Calculate the remainder when q is divided by 20.
7
Let h(w) = 4*w - 14 + 18 - 16. Suppose 3*s + 3*l = 6*s - 21, 0 = -4*s + 5*l + 30. Calculate the remainder when h(10) is divided by s.
3
What is the remainder when ((-6)/(-4))/((-1)/(-14)) is divided by (0 - (-22 + 5)) + -6?
10
Let o(j) = -j**2 - 12*j - 6. Let i = 210 - 121. Suppose i + 206 = 5*g. What is the remainder when g is divided by o(-9)?
17
Let z(d) = 4*d**3 - 3*d**2 + 5*d - 5. Calculate the remainder when z(4) is divided by 33.
25
Suppose 44*b + 16*b - 4380 = 0. Calculate the remainder when 215 is divided by b.
69
Let v(c) = -c**3 - 7*c**2 - 9*c - 1. What is the remainder when 134/201*237/2 is divided by v(-6)?
11
Suppose r = -3*c + 2*r + 89, 0 = 3*c + 3*r - 69. What is the remainder when 61 is divided by c?
5
Suppose 0 = x - v - 188, 4*x + 8*v = 11*v + 749. What is the remainder when x is divided by 28?
17
Suppose -2*u - 552 - 53 = -5*y, y - u - 121 = 0. Suppose 10*a - y = -a. Calculate the remainder when 85 is divided by a.
8
Let f(a) = a**2 - 7*a + 9. Suppose 5*g - 39 + 139 = 0. What is the remainder when 4/g + 81/5 is divided by f(7)?
7
Let n(g) = 5*g**2 + 5*g + 2. Let u be n(-2). Let o = 28 - u. Suppose 2*w + 2*c = 4*w - 52, -3*c = -3. What is the remainder when w is divided by o?
11
What is the remainder when 707*(-10)/(-60) - 2/(-12) is divided by 40?
38
Let x be (-250)/(-20)*8/10. Suppose -3*o + 5*o - x = 0. Suppose -o*c = -8*c + 57. What is the remainder when 75 is divided by c?
18
Let d = -51 + 49. Calculate the remainder when 4 is divided by (3 + d)/((-5)/(-15)).
1
Suppose 6*p = 3*p, -4*p = -3*q + 24. Calculate the remainder when 93 + -92 + 16 + -1 is divided by q.
0
Let q be 1/(-1) + -14 - 1. Let b = q - -47. Let n(v) = -v**3 + 6*v**2 - 6*v + 3. Calculate the remainder when b is divided by n(4).
9
Suppose -17*t - 165 = -16*t. Let f = t - -168. What is the remainder when f is divided by 3?
0
Calculate the remainder when 1227/35 + 2/(-35) is divided by (0 - (-9)/4)*8.
17
Let h(y) = -2*y**3 - 11*y**2 + 3*y - 1. Calculate the remainder when 80 is divided by h(-6).
12
Suppose j = 5*i - 253, -8*j + 13*j + 41 = i. What is the remainder when 708 is divided by i?
45
Let j = 23 - -169. Let t(c) = 17*c + 39. What is the remainder when j is divided by t(0)?
36
Let a(s) = -5*s + 14. Calculate the remainder when a(-6) is divided by 19.
6
Let p(t) = t**3 + 10*t**2 + t + 11. Let l = 22 - 22. Suppose -4*s - 24 - 16 = l. What is the remainder when 2 is divided by p(s)?
0
Let y = -25 + 41. Let c = 12 - -17. Calculate the remainder when c is divided by y.
13
Let q(i) = -i**2 + 15*i - 3. Let s(z) = -z**2 + 19*z - 8. Let w be s(18). What is the remainder when q(w) is divided by 24?
23
Suppose j - 5*z = 108, -4*j + 6*z + 470 = 5*z. What is the remainder when 825 is divided by j?
117
Let f(q) = q**3 - 12*q**2 + 10*q - 28. Calculate the remainder when f(12) is divided by 6.
2
Let u(v) = v**3 - 41*v**2 - 84*v - 67. What is the remainder when 57 is divided by u(43)?
0
Let y(s) = 11*s + 270. Calculate the remainder when 150 is divided by y(-21).
33
Let q(s) = -7*s - 299. Calculate the remainder when 52 is divided by q(-44).
7
Suppose -743 = -3*w - 680. Let b be -1 + 2 + 3 + 34. Suppose -111 = -2*n + 3*p - b, 2*p + 35 = n. What is the remainder when n is divided by w?
20
Let y = -1802 + 1903. Suppose 5*j - 246 = 3*r + 16, 0 = -4*j - 5*r + 217. What is the remainder when y is divided by j?
48
Suppose 6*d = 3*d - 30. Let u = -2 - d. Calculate the remainder when 14 is divided by u.
6
Suppose -l - 4 = -2*l. Suppose 2*h + u - l = h, 4*h - 13 = -3*u. Let m = 13 - h. What is the remainder when 21 is divided by m?
9
Let m(a) = -a**2 + 14*a + 16. Suppose -2*b + 9*b = 35. Suppose -4*v + 65 = -5*t, -v - 9 = b*t + 6. Calculate the remainder when m(13) is divided by v.
9
Suppose a + 290 = 1041. Suppose 5*i + 236 = a. What is the remainder when i is divided by 21?
19
Calculate the remainder when 80 is divided by (252/(-45))/(-1 - 3/(-5)).
10
Suppose -10*l = -168 - 222. What is the remainder when 142 is divided by l?
25
Suppose 7 = r + 4*l, -17 = -4*r - 0*r - 5*l. Suppose -5 = r*n - 359. Calculate the remainder when n is divided by 40.
38
Let d = 510 - 233. What is the remainder when d is divi